. Let y be b(-11). What is the highest common divisor of y and 8?
4
Let t(o) = -o**2 + 4 - 3*o - 2 + 3*o**2. Let d be t(2). Suppose d + 1 = h. What is the highest common divisor of 5 and h?
5
Let o(z) = 2*z**2 + z - 2. Let b(t) = -t**3 + 3*t**2 + 2*t - 4. Let y be b(3). Let j be o(y). What is the highest common factor of 80 and j?
8
Suppose -7*z + 2*z = 30. Let g be 6/1*(-2 - -1). Let i be ((-4)/z)/(g/(-576)). What is the highest common factor of i and 8?
8
Let h = -188 - -198. Let r(m) = 2*m**3 - 3*m**2 + 2*m - 3. Let a be r(3). Calculate the highest common divisor of a and h.
10
Suppose -r = 2*r - 3*o, -2*r - 4*o = 18. Let x(v) be the second derivative of -5*v**3/3 + v**2 + v. Let u be x(r). What is the highest common factor of 8 and u?
8
Let v = -18 + 20. Let r be (124*4/8)/v. Calculate the highest common factor of 93 and r.
31
Let b be 2*(15/(-6) - -3). Suppose 3 = w + b. Let s be (8/10)/((-1)/(-5)). What is the highest common divisor of w and s?
2
Let x = 128 - 89. Suppose 4*g + 5*h - 45 = 0, 2*g - 6*g = -h - x. Let l be 3*(-2 - (-116)/3). What is the highest common factor of l and g?
10
Let z = 26 - 18. Let x = 5 - 8. Let y = -1 - x. What is the greatest common factor of y and z?
2
Let r(i) = i + 8. Let y be r(6). Let m = 42 + -21. Calculate the highest common factor of m and y.
7
Let n = 102 + -42. Let z(s) = -s**3 - 7*s**2 + 6*s - 10. Let w be z(-8). Let f be 12 + (w + -3)/1. Calculate the highest common divisor of n and f.
15
Let f(s) = 2*s**2 - 5*s - 4. Let d be f(4). Let n = d + -7. Calculate the greatest common factor of n and 3.
1
Suppose 3*u - 4 - 8 = 0. Calculate the highest common divisor of 16 and u.
4
Suppose 2*p = 9*p - 35. Calculate the greatest common divisor of 1 and p.
1
Let q(g) = -8*g - 3. Let a be q(-3). Suppose -z - z - 5*y + a = 0, -2*z + 5*y = 9. Let r be ((-5)/4)/(z/(-12)). What is the greatest common factor of r and 5?
5
Let c(m) = -2*m - 8. Let s be c(-6). Let o(y) = y**3 + 4*y - 3. Let f be o(3). Calculate the highest common divisor of f and s.
4
Let t(c) = 12*c**2 - 4*c + 5. Let z be t(2). What is the greatest common factor of z and 5?
5
Let l = -13 - -53. Suppose 5*f + 10 - l = 0. Suppose f = i - 4. What is the highest common divisor of i and 40?
10
Let x = 109 - 87. Calculate the greatest common factor of x and 242.
22
Let l(b) = 1 + 3*b - 5*b - 1. Let a be l(-7). What is the highest common divisor of a and 56?
14
Let k = 12 - 0. Calculate the highest common divisor of k and 6.
6
Let m be 28/49 + 328/14. What is the greatest common factor of 16 and m?
8
Suppose -2*v + 401 = 97. Calculate the highest common divisor of v and 19.
19
Let o(k) = 0 - k + 13 + 6 - 5. Let w be o(7). What is the greatest common factor of w and 21?
7
Let f(h) = -5*h. Let m be f(-8). Let o be 1*(3*-1)/3. Let y(l) = -5*l. Let a be y(o). Calculate the greatest common factor of m and a.
5
Let a(y) = -2*y - 4. Let x be a(-4). Suppose 2*h - 2*u - 10 = 0, -h = -2*h - x*u - 15. What is the greatest common factor of 4 and h?
1
Let v(f) = -f**3 - 5*f**2 + 3*f - 2. Let z be v(-7). Calculate the greatest common factor of 30 and z.
15
Suppose -2*v = -0*v - 22. Calculate the greatest common factor of v and 11.
11
Suppose 4*x - 3 - 13 = 0, -4*x + 106 = 3*l. What is the greatest common factor of 10 and l?
10
Let d(t) = t**2 - 7*t - 5. Let j be d(-4). Calculate the highest common factor of 26 and j.
13
Let i(h) = h**2 + 4*h - 7. Let s be i(-6). Calculate the greatest common factor of s and 5.
5
Let c(y) = 2*y. Let b be c(6). Suppose -40 = -z - 12. Let f = z + -20. What is the greatest common divisor of b and f?
4
Let v(w) = -w**3 - 11*w**2 - 15*w - 4. Let p be v(-10). Calculate the greatest common divisor of 184 and p.
46
Suppose -5*u = f - 0*u - 10, -4*u = 2*f + 4. Let l(x) = -x + 12. Let w be l(0). Let z be (w/f)/((-2)/5). What is the greatest common factor of 6 and z?
3
Let x(z) = z + 2. Let j be x(8). Calculate the highest common divisor of 100 and j.
10
Let o be (-1 - (-26)/(-4))/(2/(-24)). What is the greatest common factor of 18 and o?
18
Suppose 39 = 4*d + w, -5*d + 5*w + 30 = -0*w. Let a be (-1 + 17)/(6/d). Calculate the highest common factor of 36 and a.
12
Let n be (0 + -1)*(-5 - 1). Calculate the greatest common factor of n and 30.
6
Let r(w) = -w + 1. Let q(j) = -20*j + 2. Let n(h) = q(h) - 10*r(h). Let g be n(-5). Calculate the highest common factor of g and 6.
6
Suppose 4*w - t = 73, 0 - 56 = -3*w + 2*t. What is the greatest common factor of w and 6?
6
Suppose -6*i + 20 = -5*i. What is the greatest common divisor of 140 and i?
20
Let h = 2 + -5. Let t(u) = -4*u**2 - 5*u + 3*u**2 + 4*u + 4 - 2*u. Let l be t(h). What is the greatest common factor of 16 and l?
4
Let p(g) = -g**3 + 10*g**2 - 8*g - 2. Let d be p(9). Calculate the greatest common factor of d and 7.
7
Suppose -5*p = -95 - 145. What is the greatest common divisor of 24 and p?
24
Let o be 66/(-14) - 2/7. Let f(r) = -3 + 8 - 7 + 2*r - 2 + 2*r**2. Let p be f(o). Calculate the greatest common divisor of p and 24.
12
Let m(r) = r**2 + 5*r. Let f be m(-8). Let w be (-2)/(-10) - f/(-5). Suppose w*t - 9 = 11. Calculate the highest common factor of 36 and t.
4
Let r be (-1084)/(-10) - (-4)/(-10). Let i = -48 + r. What is the greatest common factor of i and 12?
12
Suppose -4*c - 5*i + 11 = -53, -3*i = -c - 1. Let r be 2/6 + c/3. Let j(u) = 7*u - 2. Let o be j(r). What is the highest common factor of o and 13?
13
Suppose -22 = -t + 2. Suppose -208 = -3*l + 8. Calculate the highest common factor of l and t.
24
Suppose 0 = 2*b - b - 90. What is the greatest common factor of 20 and b?
10
Let o(f) = f**2 + 5*f + 2. Let h be o(-4). Let d be (-7 - -1)/3 - h. Suppose -3*s + 180 = -d*s. Calculate the greatest common factor of s and 12.
12
Suppose -26 = -r - 4. What is the greatest common divisor of 11 and r?
11
Suppose -39 = -2*g + u, 3*u + 11 = 2. Calculate the highest common divisor of g and 1.
1
Suppose 20 = -11*k + 16*k. Suppose -2*s - s = -3, -k*p - 5*s = -61. What is the greatest common factor of 35 and p?
7
Suppose 0 = -3*u - 0*u - 24. Let y(v) = -v**2 - 8*v + 11. Let b be y(u). Calculate the highest common divisor of b and 55.
11
Let c be (0 + 0)*1/(-3). Suppose -n - 9 + 27 = c. Calculate the highest common factor of n and 27.
9
Let y(j) = -43*j - 3. Let g be 1*((-3)/1 + -3). Let p be y(g). Let l = -129 + p. Calculate the highest common divisor of 14 and l.
14
Suppose 72 = l + 5*l. Let w = 21 - 13. Calculate the highest common factor of w and l.
4
Let b = 71 + -34. Let r = b - 26. Calculate the greatest common factor of 11 and r.
11
Suppose 5*r = -2*b + 43, 14 + 76 = 5*b - 5*r. Suppose 4*j - 463 = -j + 3*x, 0 = 5*j - 4*x - 459. Calculate the greatest common factor of b and j.
19
Let c(q) = 36*q + 1. Let g(z) = -z + 1. Let l(m) = c(m) - 6*g(m). Let u be l(3). What is the greatest common factor of 11 and u?
11
Suppose -2*t + 5*t - 262 = -r, 4 = t. Calculate the highest common factor of 100 and r.
50
Let l(g) = -g**2 + 5. Let x be l(5). Let m = x + 43. Let h = m + -8. Calculate the highest common factor of 165 and h.
15
Let v be (6/(-15))/(1/(-280)). Let c be 1/(0 - -1) + 1. Suppose 0 = a - 14 - c. What is the highest common divisor of v and a?
16
Let c be -2 + 5 + 1/(-1). Suppose 3*l - 3*r - 501 = -2*l, 491 = 5*l + c*r. What is the greatest common factor of 9 and l?
9
Let f = 0 + 4. Suppose s = f*s - 240. What is the greatest common divisor of 10 and s?
10
Let b be (-2 + (-6)/7)/((-14)/49). What is the greatest common factor of 10 and b?
10
Suppose -7*d + 2*b = -3*d - 352, -4*b = d - 88. Let f = 13 - 5. Calculate the greatest common factor of f and d.
8
Let c(i) = i**2 - 3*i - 11. Let s be c(6). What is the highest common divisor of s and 14?
7
Let g be -72*(-1)/(3/4). Calculate the highest common factor of 12 and g.
12
Let m(w) = 3*w - 2*w + 3 + 2*w - 6*w. Let a be m(-9). Calculate the highest common divisor of a and 6.
6
Suppose 6*c = c + 170. What is the highest common factor of 85 and c?
17
Let z = 5 + -1. Suppose 0*w - 138 = -z*w - 5*f, 5*w + 4*f = 168. What is the highest common factor of 4 and w?
4
Let l be (-46)/(-8) + 6/24. Suppose 5*w - 4*o - 38 - 22 = 0, 2*w + o - 24 = 0. What is the highest common divisor of l and w?
6
Suppose m - 285 = -2*m. Suppose 0 = -5*g + r + m, -20 +